rmine a(-340).
26
Let a(z) = z**2 + 130*z - 1331. Calculate a(-140).
69
Let k(x) = -40*x**2 - 9275*x + 1124. Give k(-232).
-36
Let x(d) = -1361*d + 485881. Give x(357).
4
Let s(t) = 7*t**2 + 76*t + 954. Determine s(-8).
794
Let w(m) = 15*m**2 + 23*m - 401. Calculate w(-6).
1
Let q(d) = -d**3 + 109*d**2 + 73*d - 19578. Give q(108).
-30
Let s(c) = -c**2 + 49*c + 315. Determine s(25).
915
Let o(j) = -41*j**2 - 8632*j - 4619. Calculate o(-210).
1
Let m(i) = -2*i**3 - 226*i**2 - 213*i + 1010. Determine m(-112).
-222
Let k(l) = -l**3 + 112*l**2 + 5311*l + 2481. What is k(148)?
-35
Let h(y) = -7*y**3 + 2*y**2 + 109*y - 6. Give h(-5).
374
Let k(h) = -25*h**2 + 138*h - 270. Determine k(2).
-94
Let g(p) = 22898*p + 343501. What is g(-15)?
31
Let l(v) = 7*v**2 - 272131*v - 544268. Determine l(-2).
22
Let n(o) = -5*o**3 + 12*o**2 + 26*o - 342. Determine n(-8).
2778
Let v(y) = 8820*y + 1164240. What is v(-132)?
0
Let h(w) = 17*w**2 - 310*w + 1126. Calculate h(5).
1
Let t(g) = -g**3 + 63*g**2 + 333*g + 506. What is t(68)?
30
Let w(z) = 2*z**2 + 46214*z + 1384641. Give w(-30).
21
Let n(s) = -517231*s - 16551376. Calculate n(-32).
16
Let n(a) = -372*a - 8416. Calculate n(-22).
-232
Let i(k) = 626*k + 2570. What is i(-3)?
692
Let i(k) = 4*k**3 - 52*k**2 - 271*k - 17. Calculate i(17).
0
Let u(v) = 198817*v - 1988164. Calculate u(10).
6
Let w(z) = -88*z - 1630. Calculate w(-22).
306
Let w(s) = s**2 - 217*s - 57583. Give w(-155).
77
Let q(a) = -16808*a - 2067386. Calculate q(-123).
-2
Let u(x) = -8*x**3 - 611*x**2 + 396*x + 855. Determine u(-77).
8
Let f(m) = 2*m**3 + 3*m**2 + 2941*m + 17799. Calculate f(-6).
-171
Let l(a) = -1424*a**2 + 2851*a - 7. What is l(2)?
-1
Let y(s) = 2*s**3 + 119*s**2 + 135*s + 1864. Determine y(-59).
-2620
Let d(w) = w**2 - 781*w + 115847. What is d(199)?
29
Let j(y) = -778*y - 1482. Give j(-2).
74
Let n(x) = -x**3 - 248*x**2 + 2824*x - 6463. Calculate n(-259).
12
Let a(d) = 48661*d - 243355. Determine a(5).
-50
Let d(f) = -31*f**2 + 702*f + 3421. Give d(-5).
-864
Let r(u) = -2*u**3 - 756*u**2 + 550*u - 78840. Give r(-379).
-8
Let l(x) = 2327*x + 72129. Calculate l(-31).
-8
Let a(z) = 7577*z - 68177. Give a(9).
16
Let k(h) = -70*h**2 + 2*h - 20. Give k(4).
-1132
Let z(w) = w**3 - 12*w**2 - 603*w + 65. Determine z(31).
-369
Let f(i) = -110923*i - 221839. Determine f(-2).
7
Let a(h) = -2*h**3 - 37*h**2 + 93*h + 642. Give a(-20).
-18
Let k(a) = a**2 - 213*a - 30078. What is k(310)?
-8
Let v(t) = -t**3 - 38*t**2 - 210*t + 121. What is v(-17)?
-2378
Let l(a) = -70154*a - 280471. Determine l(-4).
145
Let p(z) = -16485*z - 7912804. Give p(-480).
-4
Let d(g) = -2582*g - 139435. Determine d(-54).
-7
Let s(v) = 35*v**2 - 464*v + 1298. Give s(4).
2
Let c(n) = -n**3 + 47*n**2 - 120*n + 3547. Give c(46).
143
Let f(q) = 10*q**2 - 44*q - 424. Determine f(-11).
1270
Let b(r) = -2*r**3 + 388*r**2 - 11396*r + 712. Give b(36).
-8
Let k(v) = -1610*v - 7682. Give k(-5).
368
Let w(v) = 2*v**3 + 49*v**2 + 154*v + 4476. Give w(-25).
1
Let h(q) = -6*q**3 + 9*q**2 - 271*q + 1092. What is h(4)?
-232
Let m(f) = f**3 + 49*f**2 + 409*f + 43. Calculate m(-38).
385
Let q(o) = o**2 + 2428163*o + 7284482. Give q(-3).
2
Let l(p) = 3*p**2 - 225*p + 6103. What is l(37)?
1885
Let q(s) = -4*s**2 - 286*s - 3191. Calculate q(-59).
-241
Let t(r) = -r**3 + 43*r**2 - 520*r + 17984. Give t(41).
26
Let u(v) = -43*v**2 - 798*v - 191. Calculate u(-18).
241
Let y(j) = -2*j**3 - 288*j**2 + 574*j - 1065. What is y(-146)?
395
Let a(g) = g**3 + 65*g**2 + 502*g - 600. Determine a(-56).
-488
Let t(h) = 138*h**2 + 584*h + 443. Determine t(-1).
-3
Let n(l) = 57*l**2 - 126*l + 48. What is n(2)?
24
Let g(y) = 5*y**2 - 1385*y + 8301. What is g(6)?
171
Let d(b) = 8*b**2 + 405*b + 53. Determine d(-54).
1511
Let o(n) = 797*n**2 + 20670*n - 1364. Determine o(-26).
-12
Let t(u) = 4*u**3 - 12*u**2 - 926*u + 3875. Give t(4).
235
Let o(s) = -s**2 + 2757*s - 87230. Calculate o(32).
-30
Let p(z) = 284*z**2 + 16275*z + 4951. Calculate p(-57).
-8
Let q(j) = -2*j**2 - 3084*j - 46176. Give q(-15).
-366
Let o(k) = -k**3 - 4*k**2 + 50*k + 667. Give o(0).
667
Let m(u) = -2215913*u + 2215915. What is m(1)?
2
Let j(m) = m**3 + 13*m**2 + 216*m + 2806. Determine j(-13).
-2
Let o(f) = -f**2 + 1379*f - 3. Calculate o(0).
-3
Let u(i) = 74*i**2 - 582*i + 1118. Determine u(4).
-26
Let x(t) = -253*t**2 - 5567*t - 21. Give x(-22).
1
Let t(s) = -s**3 + 303*s**2 - 3198*s - 4092. Give t(292).
-4
Let d(k) = 921*k**2 - 11*k + 10. What is d(1)?
920
Let o(d) = -5*d**3 + 140*d**2 - 24*d + 625. Give o(28).
-47
Let h(q) = q**3 + 64*q**2 + 1041*q + 63. Determine h(-27).
-1071
Let z(i) = -27656*i - 387794. Determine z(-14).
-610
Let b(d) = 2*d**3 + 623*d**2 + 1517*d - 8633. What is b(-309)?
19
Let t(r) = -2808*r + 25252. Determine t(9).
-20
Let o(m) = 9*m**3 + 26*m**2 - 325*m - 995. Calculate o(-3).
-29
Let r(v) = 11134*v - 67219. Give r(6).
-415
Let n(g) = -601*g - 7198. What is n(-11)?
-587
Let b(i) = 192*i + 16280. Determine b(-80).
920
Let c(t) = -4347*t - 326065. Give c(-75).
-40
Let z(j) = -132*j**2 + 613*j + 244. What is z(5)?
9
Let n(x) = 15*x**3 + 121*x**2 + 67*x + 450. Calculate n(-8).
-22
Let p(b) = 2*b**2 + 20*b - 1400. What is p(22)?
8
Let x(g) = 3*g**2 + 1313*g + 130139. What is x(-287)?
415
Let l(v) = -2*v**2 + 26*v + 1351. Calculate l(-18).
235
Let n(u) = -3238*u + 129431. Determine n(40).
-89
Let k(i) = -i**3 - 480*i**2 + 2894*i - 10722. Determine k(-486).
-30
Let s(f) = -59*f**2 + 14463*f - 565. Calculate s(245).
1395
Let g(f) = 38*f**2 + 19*f - 4. Determine g(2).
186
Let v(m) = m**2 - 65*m + 270. Determine v(18).
-576
Let w(x) = -10*x**2 - 2222*x - 62434. Determine w(-33).
2
Let k(w) = 15*w**2 + 2324*w - 243. Calculate k(-155).
-88
Let c(g) = -19872*g + 99875. What is c(5)?
515
Let g(u) = 34214*u - 6055880. What is g(177)?
-2
Let i(m) = 511*m - 11425. Determine i(22).
-183
Let a(z) = z**3 + 85*z**2 + 842*z + 2272. Calculate a(-74).
200
Let s(y) = -172*y**2 + 1089*y - 559. Calculate s(6).
-217
Let y(b) = -2243*b - 65041. Give y(-29).
6
Let g(i) = 2*i**3 + 26*i**2 + 564*i + 541. Give g(-1).
1
Let j(g) = g**2 + 121*g + 1479. Determine j(-107).
-19
Let b(s) = s**3 - 22*s**2 + 17*s + 236. Calculate b(14).
-1094
Let m(x) = 3*x**3 + 14*x**2 + 62*x - 11. Calculate m(0).
-11
Let h(g) = g**2 - 18382*g + 2517672. Calculate h(138).
0
Let u(g) = 936*g**2 + 80*g + 22. Determine u(2).
3926
Let i(l) = -13*l**2 - 206007*l - 206007. Give i(-1).
-13
Let y(k) = 14*k**3 + 11*k**2 + 76*k + 105. What is y(-5)?
-1750
Let j(l) = -l**2 + 143*l - 2807. Give j(18).
-557
Let s(o) = -607*o - 6309. Give s(-11).
368
Let n(p) = p**2 + 22*p - 2418. What is n(42)?
270
Let t(n) = -2795*n + 1154385. Calculate t(413).
50
Let d(v) = 19*v**2 + 1914*v - 17091. Give d(-109).
22
Let i(z) = -639*z + 97894. Give i(156).
-1790
Let x(v) = 21*v**2 - 45*v - 55. What is x(-1)?
11
Let p(h) = -470*h - 32605. Determine p(-70).
295
Let b(n) = -3620*n + 130328. Give b(36).
8
Let w(n) = -79*n**2 + 5618*n - 66877. What is w(56)?
-13
Let w(c) = -952*c - 23853. Determine w(-25).
-53
Let a(k) = -6060*k + 72689. Give a(12).
-31
Let f(a) = -2222*a - 34431. Determine f(-16).
1121
Let k(r) = -11*r**2 - 1627*r + 166. Calculate k(-148).
18
Let a(f) = 112*f**2 + 3185*f + 12751. Determine a(-4).
1803
Let y(n) = -71994*n - 143864. Calculate y(-2).
124
Let k(h) = 9*h**2 + 483*h - 645. What is k(-55)?
15
Let c(a) = -a**3 - 5713*a**2 - 125197*a + 117. Calculate c(-22).
7
Let x(s) = 2*s**2 + 19553*s - 490067. Determine x(25).
8
Let d(n) = -23*n**2 - 2684*n + 787. Give d(-117).
-32
Let o(i) = 8*i**2 - 204*i - 946. Calculate o(-5).
274
Let y(x) = -x**3 + 183*x**2 - 1401*x + 133. What is y(175)?
-42
Let v(m) = m**3 + 48*m**2 - 230*m + 47. Determine v(7).
1132
Let j(n) = -1837*n + 1495313. Determine j(814).
-5
Let a(g) = 2*g**3 - 91*g**2 + 129*g + 135. What is a(44)?
3
Let q(p) = -p**3 - 165*p**2 - 6814*p - 1122. Determine q(-80).
-2
Let d(c) = c**3 - 436*c**2 - 918*c + 18633. Calculate d(438).
237
Let p(v) = -28*v**3 - 247*v**2 - 351*v + 6. What is p(-7)?
-36
Let a(c) = 1105*c - 1025424. Give a(928).
16
Let n(o) = -2*o**3 - 748*o**2 + 722*o - 10535. Determine n(-375).
-35
Let c(o) = 4962*o + 20443. Calculate c(-4).
595
Let b(q) = 2*q**3 + 17*q**2 - 124*q - 1096. Give b(-11).
-337
Let 